the greatest common factor of v and d?
32
Let z(d) = -d**2 + 18*d + 1656. Let u be z(46). What is the highest common divisor of 115 and u?
23
Let w be (-1008)/(-5796)*23/2. Let k be (-8)/3*15/(-4). Calculate the highest common factor of w and k.
2
Suppose 15*j - 964 = 116. Let o = j + -69. Suppose -4*s = 5*p - 192, -5*p + 179 = o*s - 15. Calculate the greatest common divisor of p and 10.
10
Let u = -665 + 669. What is the highest common divisor of u and 3904?
4
Let s(r) = -r**3 - 11*r**2 - 13*r + 18. Let g be s(-10). Calculate the greatest common divisor of 3792 and g.
48
Suppose 12*o - 867 = 429. Suppose 8*d + o = 14*d. Calculate the greatest common divisor of d and 738.
18
Let t = 27 + -9. Let o be 1152/114 + -10 - (-11624)/38. Calculate the greatest common factor of o and t.
18
Suppose 158*d - 9804 = -64*d - 6*d. What is the highest common divisor of 3655 and d?
43
Suppose 0*p - 5*p = -25. Suppose 3*x + 2*v - 70 = 0, -3*x - 2*x = -p*v - 150. Let b = 135 - 122. What is the highest common divisor of b and x?
13
Let q = -64 - -67. Suppose 0 = x + q*x - 92. What is the highest common divisor of 23 and x?
23
Let f be 0 - 14/((-154)/1067). Calculate the greatest common divisor of 388 and f.
97
Let q = 40 - 44. Let n be (q + 4)/3 - -3. Suppose n*l = 4 + 2. Calculate the greatest common divisor of 6 and l.
2
Suppose -7*a + 11*a = 16. Suppose -2*b - 5*t = -80, -29*t + 160 = a*b - 27*t. Calculate the greatest common factor of 144 and b.
8
Suppose 5*c - 351 = -2*k, 388 - 46 = 5*c - k. Suppose 75*t = c*t + 60. What is the highest common factor of 4 and t?
2
Suppose 6*d - 3*t = d + 11, 15 = 5*d - 5*t. Let o(v) = 15*v**3 - v**2 + 4*v - 2. Let u be o(d). Calculate the highest common factor of u and 16.
16
Let m(d) = 5*d**2 + 9*d - 36. Let t be m(-27). Suppose 9*s + 9*s - t = 0. Calculate the greatest common divisor of 17 and s.
17
Suppose 13*n - 8*n - 2615 = i, -4*n - i + 2101 = 0. Suppose -o = -5*o - a + n, a = 5*o - 646. Calculate the greatest common factor of o and 50.
10
Let c(m) = 219*m**2 - 54*m - 3. Let p be c(-1). Calculate the greatest common divisor of p and 432.
54
Let h = 158 + -38. Let k be (-5)/(9*2/(-720)). What is the highest common divisor of k and h?
40
Let r be ((-987)/(-126) + (-3)/6)*(-141)/(-1). What is the highest common factor of r and 264?
22
Let w(u) = 4*u**3 - u**2 + 3*u - 3. Let z be w(1). Suppose q - 237 = -2*n, n - 4*n - z*q = -351. What is the greatest common factor of 15 and n?
15
Suppose 11*v + 370 = 9*v. Let f = -172 - v. Let i(q) = 3*q**2 - 5*q - 8. Let u be i(7). What is the greatest common factor of f and u?
13
Suppose -4*y = 4*j + 116, -3*y + 10 = 2*j + 73. Let p(k) = 2*k**2 + 34*k - 48. Let g be p(-18). Let t = g - j. What is the highest common divisor of t and 18?
6
Let c(y) = -y + 46. Suppose 9*a = 18*a - 144. Let q be c(a). Let s = -92 - -152. Calculate the highest common factor of s and q.
30
Let r be 561/(-6) - 4 - (-3)/(-6). Let n = -112 - r. Let c = 37 + n. Calculate the greatest common factor of c and 115.
23
Let o be 8/28 + 159/7. Let f be 582 + -21*3/9. What is the highest common factor of f and o?
23
Let m = -73 + 73. Suppose m = 5*r - t + 2*t - 32, 3*r + 5*t - 6 = 0. Suppose -r*i = -12 - 30. Calculate the highest common factor of i and 24.
6
Suppose -26*o + 37 = -28*o - r, -5*o - 55 = -5*r. Let k be o*7/14 + 56. Calculate the greatest common divisor of 276 and k.
12
Let j(i) = -6*i + 56. Let g be j(9). Let c be (280/350)/(g/100). What is the greatest common factor of c and 10?
10
Suppose -5*i + 6*i - 2 = 0, 502 = 4*r - i. Let p = -1042 + 1098. What is the highest common divisor of p and r?
14
Let i(w) = 12*w + 2 - 6*w + 4 - w**2 - 11*w + 44*w**3. Let j be i(1). What is the highest common divisor of 33 and j?
11
Suppose -18085*i = -18095*i + 13760. Calculate the greatest common factor of i and 258.
86
Suppose -183*n + 1827 = -190*n. Let m = 313 + n. Calculate the greatest common divisor of m and 52.
52
Suppose -26 = -c + 5*p, -13*c + 2*p = -10*c - 39. Calculate the greatest common divisor of c and 15829.
11
Let b be (16/(-32) - (-22742)/12)/(32/48). Calculate the highest common divisor of 116 and b.
58
Suppose 174*y - 14*y - 74824 - 78296 = 0. What is the highest common divisor of 87 and y?
87
Suppose w - 3*r = 211 + 65, 0 = 2*w - 5*r - 550. Suppose -o = -312 + w. What is the greatest common factor of 14 and o?
14
Let d(x) = 26*x**2 - 4*x - 4. Suppose 6*p - 4 = 5*p. Let a be d(p). Let j = 24 + 12. Calculate the greatest common divisor of a and j.
36
Let d = 314 - 314. Suppose 2*w + u - 294 + 99 = d, 2*w - 180 = -4*u. What is the highest common divisor of w and 4?
4
Let k = 35403 + -35374. Suppose g - 254 - 94 = 0. What is the greatest common divisor of k and g?
29
Let s(w) = -1097*w - 447. Let t be s(-3). What is the highest common factor of t and 18?
18
Let r = -2224 - -2554. Calculate the greatest common factor of 1452 and r.
66
Suppose 0 = -3*j - 2*f + 21431, 26*j + 4*f = 21*j + 35723. Calculate the highest common factor of j and 121.
121
Suppose 15*l = 17*l - 4, f - 4*l - 277 = 0. What is the highest common factor of 190 and f?
95
Let o be 123 + (-8)/(17 + -9) - (-8 + 2). What is the highest common divisor of 176 and o?
16
Let l(u) = 2*u**2 - u + 18. Let k be l(-5). Let d = k + 47. What is the greatest common factor of 48 and d?
24
Suppose 66*x + 15360 = 126*x. Calculate the highest common divisor of x and 856.
8
Let i(a) = -a + 8*a**2 - 4*a + 2 - 5 + a. Let k be i(-1). Let j be 7/21*10*k. Calculate the highest common divisor of j and 12.
6
Let t be 2239 - 2/((-3)/(-4) + (-50)/600). What is the greatest common factor of t and 182?
26
Let o be (48/(-60))/((-3)/15). Suppose o*m = -3*n + 41, -n + 42 = 4*m + n. What is the greatest common divisor of 121 and m?
11
Let i be 25/((-14)/(-168)*3). Calculate the highest common factor of 725 and i.
25
Let t(c) = -15*c + 18. Let a be t(3). Let n(p) = 4*p + 139. Let b be n(a). Calculate the greatest common divisor of 1 and b.
1
Suppose 81*y - 20*y - 129821 = 68734. Calculate the greatest common divisor of 105 and y.
105
Let j = 1322 + -469. Let k = j + -391. What is the highest common divisor of 22 and k?
22
Let s be ((-155)/10)/((-1)/6). Let a = -7925 + 7987. Calculate the highest common factor of s and a.
31
Suppose 0 = h + 5, 0 = -25*u + 27*u - 5*h - 4845. What is the highest common divisor of 40 and u?
10
Let k(i) = 12*i**3 + 8*i**2 + 6*i + 12. Let a be k(-3). Let u = 414 + a. What is the greatest common divisor of u and 36?
12
Let v = 43 + -36. Suppose n - 50 = -9*n. Suppose 0 = -n*d + 3*y + 347, -4*d - 215 = -7*d - 5*y. What is the highest common factor of d and v?
7
Let x = 1917 + -1882. Calculate the greatest common factor of 12145 and x.
35
Suppose -h = -2*l - 431, -l + 6*l = -2*h + 835. Suppose 17*f - 530 - 354 = -35*f. What is the highest common factor of h and f?
17
Suppose 2*q + 3*x + 26 = -0*x, 0 = 3*q - x + 61. Let p = -93 - q. Let t = -52 - p. Calculate the highest common factor of t and 2.
2
Let x = -35234 - -42473. What is the highest common factor of 57 and x?
57
Let f be ((-28)/35)/((-2)/(-265)). Let p be 4/(-6) + f/3. Let h = -28 - p. Calculate the greatest common factor of h and 40.
8
Let a(o) = o**3 - 20*o**2 + 48*o + 348. Let i be a(18). What is the greatest common factor of i and 492?
12
Let i(r) = -27*r**3 - 3*r**2 + 19*r + 68. Let c be i(-3). Calculate the greatest common divisor of c and 1674.
31
Let y(c) = 36*c - 4. Let r be y(1). Let d = r + -28. Suppose -3*m = d*z - 114, 0 = -m + z + 68 - 23. Calculate the greatest common divisor of 14 and m.
14
Let d = -3791 + 4367. What is the highest common divisor of 16 and d?
16
Suppose 0 = 2*u - 4*p + 4, -4*u + p = -2*p + 13. Let n be u/5*150/(-20). Suppose n*l - 139 = 101. Calculate the highest common divisor of l and 440.
40
Suppose 5*i - 15*i = 10. Let g(n) = 3*n**2 - 1. Let r be g(i). Let z(u) = -u**2 + 5*u - 1. Let a be z(r). What is the greatest common factor of 5 and a?
5
Let l(k) = k**3 - 69*k**2 + 6*k - 128. Let d be l(69). What is the greatest common factor of d and 195?
13
Let b(k) = 3*k - 5. Let g be b(2). Suppose 4*i + s + 280 = 33, 0 = 4*i + 4*s + 256. Let w = i - -65. Calculate the greatest common divisor of w and g.
1
Suppose -26*o - 777 = -63*o. Calculate the greatest commo